{"id":126,"date":"2025-12-02T21:17:22","date_gmt":"2025-12-02T21:17:22","guid":{"rendered":"https:\/\/xn--klimabevgelsenodense-p0b.dk\/?page_id=126"},"modified":"2026-04-23T08:55:51","modified_gmt":"2026-04-23T06:55:51","slug":"side3","status":"publish","type":"page","link":"https:\/\/xn--klimabevgelsenodense-p0b.dk\/index.php\/side3\/","title":{"rendered":"Lokalgruppen"},"content":{"rendered":"\t\t<div data-elementor-type=\"wp-page\" data-elementor-id=\"126\" class=\"elementor elementor-126\">\n\t\t\t\t<div class=\"elementor-element elementor-element-a906afa e-flex e-con-boxed wpr-particle-no wpr-jarallax-no wpr-parallax-no wpr-sticky-section-no wpr-equal-height-no e-con e-parent\" data-id=\"a906afa\" data-element_type=\"container\" data-e-type=\"container\">\n\t\t\t\t\t<div class=\"e-con-inner\">\n\t\t\t\t<div class=\"elementor-element elementor-element-40e29f0 elementor-widget elementor-widget-heading\" data-id=\"40e29f0\" data-element_type=\"widget\" data-e-type=\"widget\" data-widget_type=\"heading.default\">\n\t\t\t\t\t<h2 class=\"elementor-heading-title elementor-size-default\">Lokalgruppen i Odense<\/h2>\t\t\t\t<\/div>\n\t\t\t\t\t<\/div>\n\t\t\t\t<\/div>\n\t\t<div class=\"elementor-element elementor-element-8d8555c e-flex e-con-boxed wpr-particle-no wpr-jarallax-no wpr-parallax-no wpr-sticky-section-no wpr-equal-height-no e-con e-parent\" data-id=\"8d8555c\" data-element_type=\"container\" data-e-type=\"container\">\n\t\t\t\t\t<div class=\"e-con-inner\">\n\t\t\t\t<div class=\"elementor-element elementor-element-e6e2043 elementor-widget elementor-widget-text-editor\" data-id=\"e6e2043\" data-element_type=\"widget\" data-e-type=\"widget\" data-widget_type=\"text-editor.default\">\n\t\t\t\t\t\t\t\t\t<p>Vi m\u00f8des 2. tirsdag i hver m\u00e5ned, 18.30-20.30,\u00a0 p\u00e5 Borgernes Hus i Odense Baneg\u00e5rd Center. Medlemmerne d\u00e6kker et bredt spektrum b\u00e5de hvad alder, kompetencer og interesser ang\u00e5r. Derfor er det naturligt at vi har en struktur med undergrupper. Der er de organisatoriske grupper der kr\u00e6ver kontinuitet og emnegrupper der kan stige og falde i antal,\u00a0 st\u00f8rrelse og aktivitetsniveau afh\u00e6ngig af engagement og aktualitet.\u00a0<\/p>\t\t\t\t\t\t\t\t<\/div>\n\t\t\t\t<div class=\"elementor-element elementor-element-575f0c3 elementor-widget elementor-widget-heading\" data-id=\"575f0c3\" data-element_type=\"widget\" data-e-type=\"widget\" data-widget_type=\"heading.default\">\n\t\t\t\t\t<h4 class=\"elementor-heading-title elementor-size-default\">Styregruppen<\/h4>\t\t\t\t<\/div>\n\t\t\t\t<div class=\"elementor-element elementor-element-c951231 elementor-widget elementor-widget-text-editor\" data-id=\"c951231\" data-element_type=\"widget\" data-e-type=\"widget\" data-widget_type=\"text-editor.default\">\n\t\t\t\t\t\t\t\t\t<p>S\u00f8rger for at de m\u00e5nedlige m\u00f8der bliver indkaldt, afholdt og refereret. Varetager kontakten til Klimabev\u00e6gelsens sekretariat i K\u00f8benhavn. Koordinerer indsatsen i de forskellige undergrupper og s\u00f8rger for penge fra sekretariatet til de relevante udgifter vi m\u00e5tte have.<\/p>\t\t\t\t\t\t\t\t<\/div>\n\t\t\t\t\t<\/div>\n\t\t\t\t<\/div>\n\t\t<div class=\"elementor-element elementor-element-689e74a e-flex e-con-boxed wpr-particle-no wpr-jarallax-no wpr-parallax-no wpr-sticky-section-no wpr-equal-height-no e-con e-parent\" data-id=\"689e74a\" data-element_type=\"container\" data-e-type=\"container\">\n\t\t\t\t\t<div class=\"e-con-inner\">\n\t\t\t\t<div class=\"elementor-element elementor-element-b3bd8fc elementor-widget elementor-widget-heading\" data-id=\"b3bd8fc\" data-element_type=\"widget\" data-e-type=\"widget\" data-widget_type=\"heading.default\">\n\t\t\t\t\t<h4 class=\"elementor-heading-title elementor-size-default\">Mediegruppen<\/h4>\t\t\t\t<\/div>\n\t\t\t\t<div class=\"elementor-element elementor-element-b8b865a elementor-widget elementor-widget-text-editor\" data-id=\"b8b865a\" data-element_type=\"widget\" data-e-type=\"widget\" data-widget_type=\"text-editor.default\">\n\t\t\t\t\t\t\t\t\t<p>Mediegruppen s\u00f8rger for indholdet p\u00e5, og vedligehold af,\u00a0 hjemmesiden. Skriver pressemeddelelser og\u00a0 artikler. Producerer podcast og video til KlimaTV og Youtube. Laver plakater og l\u00f8besedler til diverse aktioner. Bidrager til fort\u00e6llingen p\u00e5 sociale medier. Hvis man ikke har erfaring med mediearbejde er her en chance for at l\u00e6re.\u00a0<\/p>\t\t\t\t\t\t\t\t<\/div>\n\t\t\t\t\t<\/div>\n\t\t\t\t<\/div>\n\t\t<div class=\"elementor-element elementor-element-f5d0190 e-flex e-con-boxed wpr-particle-no wpr-jarallax-no wpr-parallax-no wpr-sticky-section-no wpr-equal-height-no e-con e-parent\" data-id=\"f5d0190\" data-element_type=\"container\" data-e-type=\"container\">\n\t\t\t\t\t<div class=\"e-con-inner\">\n\t\t\t\t<div class=\"elementor-element elementor-element-87bc38a elementor-widget elementor-widget-heading\" data-id=\"87bc38a\" data-element_type=\"widget\" data-e-type=\"widget\" data-widget_type=\"heading.default\">\n\t\t\t\t\t<h4 class=\"elementor-heading-title elementor-size-default\">Kommunalpolitikgruppen<\/h4>\t\t\t\t<\/div>\n\t\t\t\t\t<\/div>\n\t\t\t\t<\/div>\n\t\t<div class=\"elementor-element elementor-element-2d66b3f e-flex e-con-boxed wpr-particle-no wpr-jarallax-no wpr-parallax-no wpr-sticky-section-no wpr-equal-height-no e-con e-parent\" data-id=\"2d66b3f\" data-element_type=\"container\" data-e-type=\"container\">\n\t\t\t\t\t<div class=\"e-con-inner\">\n\t\t\t\t<div class=\"elementor-element elementor-element-83774f8 elementor-widget elementor-widget-text-editor\" data-id=\"83774f8\" data-element_type=\"widget\" data-e-type=\"widget\" data-widget_type=\"text-editor.default\">\n\t\t\t\t\t\t\t\t\t<p>Gruppen udpeger og pr\u00f8ver at p\u00e5virke de vigtigste meningsdannere og\u00a0 beslutningstagere i lokalpolitik og erhvervsliv. Et v\u00e6rkt\u00f8j er at s\u00f8ge interviews til podcast og vodcasts. Direkte protestaktioner kan m\u00e5ske flytte dem der tager klimaskadelige beslutninger &#8211; ligesom h\u00e6derspriser til dem der bruger deres position og indflydelse til at afb\u00f8de klimaskader. Kommunalpolitikgruppen har ogs\u00e5 opgaven at holde \u00f8je med hvilke lovforslag og og lokalplanforslag der giver mulighed for at skrive h\u00f8ringssvar. Klimabev\u00e6gelsen holder af og til kurser i h\u00f8ringssvar.\u00a0<\/p>\t\t\t\t\t\t\t\t<\/div>\n\t\t\t\t\t<\/div>\n\t\t\t\t<\/div>\n\t\t<div class=\"elementor-element elementor-element-b37aa38 e-flex e-con-boxed wpr-particle-no wpr-jarallax-no wpr-parallax-no wpr-sticky-section-no wpr-equal-height-no e-con e-parent\" data-id=\"b37aa38\" data-element_type=\"container\" data-e-type=\"container\">\n\t\t\t\t\t<div class=\"e-con-inner\">\n\t\t\t\t<div class=\"elementor-element elementor-element-49dc158 elementor-widget elementor-widget-heading\" data-id=\"49dc158\" data-element_type=\"widget\" data-e-type=\"widget\" data-widget_type=\"heading.default\">\n\t\t\t\t\t<h4 class=\"elementor-heading-title elementor-size-default\">Aktionsgrupper<\/h4>\t\t\t\t<\/div>\n\t\t\t\t<div class=\"elementor-element elementor-element-44738a3 elementor-widget elementor-widget-text-editor\" data-id=\"44738a3\" data-element_type=\"widget\" data-e-type=\"widget\" data-widget_type=\"text-editor.default\">\n\t\t\t\t\t\t\t\t\t<p>Her arbejdes der med fysiske aktioner. Klimamarchen er \u00e5rets store opgave,\u00a0 og vi deltager i mange mindre aktioner og arrangementer sammen med andre lokale gr\u00f8nne organisationer. Klimabev\u00e6gelsen l\u00e6gger ogs\u00e5 v\u00e6gt p\u00e5 sm\u00e5 lokale tiltag der fremmer <a href=\"https:\/\/mikrohandling.dk\/mikrohandlinger\/?_motiv=miljoe\">&#8220;mikrohandlinger&#8221;<\/a>.\u00a0 Mikrohandlinger kan tage mange former og bruges til at p\u00e5virke vores n\u00e6rmeste omgivelser.\u00a0<\/p>\t\t\t\t\t\t\t\t<\/div>\n\t\t\t\t<div class=\"elementor-element elementor-element-539050b elementor-widget elementor-widget-spacer\" data-id=\"539050b\" data-element_type=\"widget\" data-e-type=\"widget\" data-widget_type=\"spacer.default\">\n\t\t\t\t\t\t\t<div class=\"elementor-spacer\">\n\t\t\t<div class=\"elementor-spacer-inner\"><\/div>\n\t\t<\/div>\n\t\t\t\t\t\t<\/div>\n\t\t\t\t<div class=\"elementor-element elementor-element-a3d3a6b elementor-widget elementor-widget-heading\" data-id=\"a3d3a6b\" data-element_type=\"widget\" data-e-type=\"widget\" data-widget_type=\"heading.default\">\n\t\t\t\t\t<h3 class=\"elementor-heading-title elementor-size-default\">V\u00e6r med!<\/h3>\t\t\t\t<\/div>\n\t\t\t\t<div class=\"elementor-element elementor-element-b96159f elementor-widget elementor-widget-text-editor\" data-id=\"b96159f\" data-element_type=\"widget\" data-e-type=\"widget\" data-widget_type=\"text-editor.default\">\n\t\t\t\t\t\t\t\t\t<p>Har du lyst til at v\u00e6re med i lokalgruppen, m\u00e5 du gerne melde dig ind i klimabev\u00e6gelsen (p\u00e5 den orange knap p\u00e5 forsiden), men det er ikke noget krav.\u00a0 Skriv til os p\u00e5 odense@klimabev.dk hvis du vil v\u00e6re med i lokalgruppen, s\u00e5 kontakter vi dig.<\/p>\t\t\t\t\t\t\t\t<\/div>\n\t\t\t\t\t<\/div>\n\t\t\t\t<\/div>\n\t\t\t\t<\/div>\n\t\t","protected":false},"excerpt":{"rendered":"<p>Lokalgruppen i Odense Vi m\u00f8des 2. tirsdag i hver m\u00e5ned, 18.30-20.30,\u00a0 p\u00e5 Borgernes Hus i Odense Baneg\u00e5rd Center. Medlemmerne d\u00e6kker et bredt spektrum b\u00e5de hvad alder, kompetencer og interesser ang\u00e5r. Derfor er det naturligt at vi har en struktur med undergrupper. Der er de organisatoriske grupper der kr\u00e6ver kontinuitet og emnegrupper der kan stige og falde i antal,\u00a0 st\u00f8rrelse og aktivitetsniveau afh\u00e6ngig af engagement og aktualitet.\u00a0 Styregruppen S\u00f8rger for at de m\u00e5nedlige m\u00f8der bliver indkaldt, afholdt og refereret. Varetager kontakten til Klimabev\u00e6gelsens sekretariat i K\u00f8benhavn. Koordinerer indsatsen i de forskellige undergrupper og s\u00f8rger for penge fra sekretariatet til de relevante udgifter vi m\u00e5tte have. Mediegruppen Mediegruppen s\u00f8rger for indholdet p\u00e5, og vedligehold af,\u00a0 hjemmesiden. Skriver pressemeddelelser og\u00a0 artikler. Producerer podcast og video til KlimaTV og Youtube. Laver plakater og l\u00f8besedler til diverse aktioner. Bidrager til fort\u00e6llingen p\u00e5 sociale medier. Hvis man ikke har erfaring med mediearbejde er her en chance for at l\u00e6re.\u00a0 Kommunalpolitikgruppen Gruppen udpeger og pr\u00f8ver at p\u00e5virke de vigtigste meningsdannere og\u00a0 beslutningstagere i lokalpolitik og erhvervsliv. Et v\u00e6rkt\u00f8j er at s\u00f8ge interviews til podcast og vodcasts. Direkte protestaktioner kan m\u00e5ske flytte dem der tager klimaskadelige beslutninger &#8211; ligesom h\u00e6derspriser til dem der bruger deres position og indflydelse til at afb\u00f8de klimaskader. Kommunalpolitikgruppen har ogs\u00e5 opgaven at holde \u00f8je med hvilke lovforslag og og lokalplanforslag der giver mulighed for at skrive h\u00f8ringssvar. Klimabev\u00e6gelsen holder af og til kurser i h\u00f8ringssvar.\u00a0 Aktionsgrupper Her arbejdes der med fysiske aktioner. Klimamarchen er \u00e5rets store opgave,\u00a0 og vi deltager i mange mindre aktioner og arrangementer sammen med andre lokale gr\u00f8nne organisationer. Klimabev\u00e6gelsen l\u00e6gger ogs\u00e5 v\u00e6gt p\u00e5 sm\u00e5 lokale tiltag der fremmer &#8220;mikrohandlinger&#8221;.\u00a0 Mikrohandlinger kan tage mange former og bruges til at p\u00e5virke vores n\u00e6rmeste omgivelser.\u00a0 V\u00e6r med! Har du lyst til at v\u00e6re med i lokalgruppen, m\u00e5 du gerne melde dig ind i klimabev\u00e6gelsen (p\u00e5 den orange knap p\u00e5 forsiden), men det er ikke noget krav.\u00a0 Skriv til os p\u00e5 odense@klimabev.dk hvis du vil v\u00e6re med i lokalgruppen, s\u00e5 kontakter vi dig.<\/p>\n","protected":false},"author":1,"featured_media":0,"parent":0,"menu_order":0,"comment_status":"closed","ping_status":"closed","template":"","meta":{"_bbp_topic_count":0,"_bbp_reply_count":0,"_bbp_total_topic_count":0,"_bbp_total_reply_count":0,"_bbp_voice_count":0,"_bbp_anonymous_reply_count":0,"_bbp_topic_count_hidden":0,"_bbp_reply_count_hidden":0,"_bbp_forum_subforum_count":0,"_price":"","_stock":"","_tribe_ticket_header":"","_tribe_default_ticket_provider":"","_tribe_ticket_capacity":"0","_ticket_start_date":"","_ticket_end_date":"","_tribe_ticket_show_description":"","_tribe_ticket_show_not_going":false,"_tribe_ticket_use_global_stock":"","_tribe_ticket_global_stock_level":"","_global_stock_mode":"","_global_stock_cap":"","_tribe_rsvp_for_event":"","_tribe_ticket_going_count":"","_tribe_ticket_not_going_count":"","_tribe_tickets_list":"[]","_tribe_ticket_has_attendee_info_fields":false,"_kad_post_transparent":"","_kad_post_title":"hide","_kad_post_layout":"fullwidth","_kad_post_sidebar_id":"","_kad_post_content_style":"unboxed","_kad_post_vertical_padding":"hide","_kad_post_feature":"hide","_kad_post_feature_position":"","_kad_post_header":false,"_kad_post_footer":false,"_kad_post_classname":"","footnotes":"","_tec_slr_enabled":"","_tec_slr_layout":""},"class_list":["post-126","page","type-page","status-publish","hentry"],"ticketed":false,"_links":{"self":[{"href":"https:\/\/xn--klimabevgelsenodense-p0b.dk\/index.php\/wp-json\/wp\/v2\/pages\/126","targetHints":{"allow":["GET"]}}],"collection":[{"href":"https:\/\/xn--klimabevgelsenodense-p0b.dk\/index.php\/wp-json\/wp\/v2\/pages"}],"about":[{"href":"https:\/\/xn--klimabevgelsenodense-p0b.dk\/index.php\/wp-json\/wp\/v2\/types\/page"}],"author":[{"embeddable":true,"href":"https:\/\/xn--klimabevgelsenodense-p0b.dk\/index.php\/wp-json\/wp\/v2\/users\/1"}],"replies":[{"embeddable":true,"href":"https:\/\/xn--klimabevgelsenodense-p0b.dk\/index.php\/wp-json\/wp\/v2\/comments?post=126"}],"version-history":[{"count":57,"href":"https:\/\/xn--klimabevgelsenodense-p0b.dk\/index.php\/wp-json\/wp\/v2\/pages\/126\/revisions"}],"predecessor-version":[{"id":1433,"href":"https:\/\/xn--klimabevgelsenodense-p0b.dk\/index.php\/wp-json\/wp\/v2\/pages\/126\/revisions\/1433"}],"wp:attachment":[{"href":"https:\/\/xn--klimabevgelsenodense-p0b.dk\/index.php\/wp-json\/wp\/v2\/media?parent=126"}],"curies":[{"name":"wp","href":"https:\/\/api.w.org\/{rel}","templated":true}]}}

<div data-elementor-type="wp-page" data-elementor-id="126" class="elementor elementor-126">
				<div class="elementor-element elementor-element-a906afa e-flex e-con-boxed wpr-particle-no wpr-jarallax-no wpr-parallax-no wpr-sticky-section-no wpr-equal-height-no e-con e-parent" data-id="a906afa" data-element_type="container" data-e-type="container">
					<div class="e-con-inner">
				<div class="elementor-element elementor-element-40e29f0 elementor-widget elementor-widget-heading" data-id="40e29f0" data-element_type="widget" data-e-type="widget" data-widget_type="heading.default">
					<h2 class="elementor-heading-title elementor-size-default">Lokalgruppen i Odense</h2>				</div>
					</div>
				</div>
		<div class="elementor-element elementor-element-8d8555c e-flex e-con-boxed wpr-particle-no wpr-jarallax-no wpr-parallax-no wpr-sticky-section-no wpr-equal-height-no e-con e-parent" data-id="8d8555c" data-element_type="container" data-e-type="container">
					<div class="e-con-inner">
				<div class="elementor-element elementor-element-e6e2043 elementor-widget elementor-widget-text-editor" data-id="e6e2043" data-element_type="widget" data-e-type="widget" data-widget_type="text-editor.default">
									<p>Vi mødes 2. tirsdag i hver måned, 18.30-20.30,  på Borgernes Hus i Odense Banegård Center. Medlemmerne dækker et bredt spektrum både hvad alder, kompetencer og interesser angår. Derfor er det naturligt at vi har en struktur med undergrupper. Der er de organisatoriske grupper der kræver kontinuitet og emnegrupper der kan stige og falde i antal,  størrelse og aktivitetsniveau afhængig af engagement og aktualitet. </p>								</div>
				<div class="elementor-element elementor-element-575f0c3 elementor-widget elementor-widget-heading" data-id="575f0c3" data-element_type="widget" data-e-type="widget" data-widget_type="heading.default">
					<h4 class="elementor-heading-title elementor-size-default">Styregruppen</h4>				</div>
				<div class="elementor-element elementor-element-c951231 elementor-widget elementor-widget-text-editor" data-id="c951231" data-element_type="widget" data-e-type="widget" data-widget_type="text-editor.default">
									<p>Sørger for at de månedlige møder bliver indkaldt, afholdt og refereret. Varetager kontakten til Klimabevægelsens sekretariat i København. Koordinerer indsatsen i de forskellige undergrupper og sørger for penge fra sekretariatet til de relevante udgifter vi måtte have.</p>								</div>
					</div>
				</div>
		<div class="elementor-element elementor-element-689e74a e-flex e-con-boxed wpr-particle-no wpr-jarallax-no wpr-parallax-no wpr-sticky-section-no wpr-equal-height-no e-con e-parent" data-id="689e74a" data-element_type="container" data-e-type="container">
					<div class="e-con-inner">
				<div class="elementor-element elementor-element-b3bd8fc elementor-widget elementor-widget-heading" data-id="b3bd8fc" data-element_type="widget" data-e-type="widget" data-widget_type="heading.default">
					<h4 class="elementor-heading-title elementor-size-default">Mediegruppen</h4>				</div>
				<div class="elementor-element elementor-element-b8b865a elementor-widget elementor-widget-text-editor" data-id="b8b865a" data-element_type="widget" data-e-type="widget" data-widget_type="text-editor.default">
									<p>Mediegruppen sørger for indholdet på, og vedligehold af,  hjemmesiden. Skriver pressemeddelelser og  artikler. Producerer podcast og video til KlimaTV og Youtube. Laver plakater og løbesedler til diverse aktioner. Bidrager til fortællingen på sociale medier. Hvis man ikke har erfaring med mediearbejde er her en chance for at lære. </p>								</div>
					</div>
				</div>
		<div class="elementor-element elementor-element-f5d0190 e-flex e-con-boxed wpr-particle-no wpr-jarallax-no wpr-parallax-no wpr-sticky-section-no wpr-equal-height-no e-con e-parent" data-id="f5d0190" data-element_type="container" data-e-type="container">
					<div class="e-con-inner">
				<div class="elementor-element elementor-element-87bc38a elementor-widget elementor-widget-heading" data-id="87bc38a" data-element_type="widget" data-e-type="widget" data-widget_type="heading.default">
					<h4 class="elementor-heading-title elementor-size-default">Kommunalpolitikgruppen</h4>				</div>
					</div>
				</div>
		<div class="elementor-element elementor-element-2d66b3f e-flex e-con-boxed wpr-particle-no wpr-jarallax-no wpr-parallax-no wpr-sticky-section-no wpr-equal-height-no e-con e-parent" data-id="2d66b3f" data-element_type="container" data-e-type="container">
					<div class="e-con-inner">
				<div class="elementor-element elementor-element-83774f8 elementor-widget elementor-widget-text-editor" data-id="83774f8" data-element_type="widget" data-e-type="widget" data-widget_type="text-editor.default">
									<p>Gruppen udpeger og prøver at påvirke de vigtigste meningsdannere og  beslutningstagere i lokalpolitik og erhvervsliv. Et værktøj er at søge interviews til podcast og vodcasts. Direkte protestaktioner kan måske flytte dem der tager klimaskadelige beslutninger &#8211; ligesom hæderspriser til dem der bruger deres position og indflydelse til at afbøde klimaskader. Kommunalpolitikgruppen har også opgaven at holde øje med hvilke lovforslag og og lokalplanforslag der giver mulighed for at skrive høringssvar. Klimabevægelsen holder af og til kurser i høringssvar. </p>								</div>
					</div>
				</div>
		<div class="elementor-element elementor-element-b37aa38 e-flex e-con-boxed wpr-particle-no wpr-jarallax-no wpr-parallax-no wpr-sticky-section-no wpr-equal-height-no e-con e-parent" data-id="b37aa38" data-element_type="container" data-e-type="container">
					<div class="e-con-inner">
				<div class="elementor-element elementor-element-49dc158 elementor-widget elementor-widget-heading" data-id="49dc158" data-element_type="widget" data-e-type="widget" data-widget_type="heading.default">
					<h4 class="elementor-heading-title elementor-size-default">Aktionsgrupper</h4>				</div>
				<div class="elementor-element elementor-element-44738a3 elementor-widget elementor-widget-text-editor" data-id="44738a3" data-element_type="widget" data-e-type="widget" data-widget_type="text-editor.default">
									<p>Her arbejdes der med fysiske aktioner. Klimamarchen er årets store opgave,  og vi deltager i mange mindre aktioner og arrangementer sammen med andre lokale grønne organisationer. Klimabevægelsen lægger også vægt på små lokale tiltag der fremmer <a href="https://mikrohandling.dk/mikrohandlinger/?_motiv=miljoe">&#8220;mikrohandlinger&#8221;</a>.  Mikrohandlinger kan tage mange former og bruges til at påvirke vores nærmeste omgivelser. </p>								</div>
				<div class="elementor-element elementor-element-539050b elementor-widget elementor-widget-spacer" data-id="539050b" data-element_type="widget" data-e-type="widget" data-widget_type="spacer.default">
							<div class="elementor-spacer">
			<div class="elementor-spacer-inner"></div>
		</div>
						</div>
				<div class="elementor-element elementor-element-a3d3a6b elementor-widget elementor-widget-heading" data-id="a3d3a6b" data-element_type="widget" data-e-type="widget" data-widget_type="heading.default">
					<h3 class="elementor-heading-title elementor-size-default">Vær med!</h3>				</div>
				<div class="elementor-element elementor-element-b96159f elementor-widget elementor-widget-text-editor" data-id="b96159f" data-element_type="widget" data-e-type="widget" data-widget_type="text-editor.default">
									<p>Har du lyst til at være med i lokalgruppen, må du gerne melde dig ind i klimabevægelsen (på den orange knap på forsiden), men det er ikke noget krav.  Skriv til os på odense@klimabev.dk hvis du vil være med i lokalgruppen, så kontakter vi dig.</p>								</div>
					</div>
				</div>
				</div>

<p>Lokalgruppen i Odense Vi mødes 2. tirsdag i hver måned, 18.30-20.30,  på Borgernes Hus i Odense Banegård Center. Medlemmerne dækker et bredt spektrum både hvad alder, kompetencer og interesser angår. Derfor er det naturligt at vi har en struktur med undergrupper. Der er de organisatoriske grupper der kræver kontinuitet og emnegrupper der kan stige og falde i antal,  størrelse og aktivitetsniveau afhængig af engagement og aktualitet.  Styregruppen Sørger for at de månedlige møder bliver indkaldt, afholdt og refereret. Varetager kontakten til Klimabevægelsens sekretariat i København. Koordinerer indsatsen i de forskellige undergrupper og sørger for penge fra sekretariatet til de relevante udgifter vi måtte have. Mediegruppen Mediegruppen sørger for indholdet på, og vedligehold af,  hjemmesiden. Skriver pressemeddelelser og  artikler. Producerer podcast og video til KlimaTV og Youtube. Laver plakater og løbesedler til diverse aktioner. Bidrager til fortællingen på sociale medier. Hvis man ikke har erfaring med mediearbejde er her en chance for at lære.  Kommunalpolitikgruppen Gruppen udpeger og prøver at påvirke de vigtigste meningsdannere og  beslutningstagere i lokalpolitik og erhvervsliv. Et værktøj er at søge interviews til podcast og vodcasts. Direkte protestaktioner kan måske flytte dem der tager klimaskadelige beslutninger &#8211; ligesom hæderspriser til dem der bruger deres position og indflydelse til at afbøde klimaskader. Kommunalpolitikgruppen har også opgaven at holde øje med hvilke lovforslag og og lokalplanforslag der giver mulighed for at skrive høringssvar. Klimabevægelsen holder af og til kurser i høringssvar.  Aktionsgrupper Her arbejdes der med fysiske aktioner. Klimamarchen er årets store opgave,  og vi deltager i mange mindre aktioner og arrangementer sammen med andre lokale grønne organisationer. Klimabevægelsen lægger også vægt på små lokale tiltag der fremmer &#8220;mikrohandlinger&#8221;.  Mikrohandlinger kan tage mange former og bruges til at påvirke vores nærmeste omgivelser.  Vær med! Har du lyst til at være med i lokalgruppen, må du gerne melde dig ind i klimabevægelsen (på den orange knap på forsiden), men det er ikke noget krav.  Skriv til os på odense@klimabev.dk hvis du vil være med i lokalgruppen, så kontakter vi dig.</p>
